mmon divisor of 594 and 162.
54
What is the greatest common divisor of 1160 and 160?
40
Calculate the greatest common factor of 117 and 429.
39
Calculate the greatest common divisor of 72 and 288.
72
Calculate the highest common divisor of 50 and 475.
25
What is the highest common factor of 322 and 161?
161
Calculate the greatest common factor of 60 and 1270.
10
What is the greatest common divisor of 30 and 240?
30
Calculate the highest common divisor of 4384 and 224.
32
Calculate the greatest common divisor of 91 and 143.
13
Calculate the highest common factor of 33 and 2992.
11
Calculate the greatest common divisor of 3 and 8.
1
What is the highest common factor of 4221 and 63?
63
What is the greatest common divisor of 776 and 25802?
194
What is the highest common divisor of 8874 and 58?
58
What is the greatest common divisor of 345 and 18?
3
Calculate the highest common factor of 480 and 30.
30
What is the greatest common factor of 33 and 42?
3
What is the highest common factor of 177 and 3?
3
What is the highest common divisor of 104 and 39?
13
Calculate the highest common factor of 39 and 2847.
39
Calculate the highest common factor of 1421 and 49.
49
Calculate the highest common divisor of 416 and 896.
32
Calculate the highest common divisor of 40 and 35.
5
Calculate the greatest common divisor of 220 and 286.
22
Calculate the highest common divisor of 90 and 390.
30
What is the highest common factor of 88 and 814?
22
What is the highest common divisor of 616 and 91?
7
Calculate the highest common divisor of 205 and 55.
5
What is the highest common factor of 817 and 38?
19
Calculate the greatest common factor of 318 and 25917.
159
What is the highest common divisor of 4 and 10?
2
Calculate the greatest common divisor of 1 and 19.
1
What is the greatest common factor of 973 and 278?
139
Calculate the highest common divisor of 371 and 159.
53
Calculate the greatest common factor of 3164 and 196.
28
Calculate the highest common factor of 59474 and 262.
262
Calculate the greatest common divisor of 833 and 476.
119
What is the highest common factor of 84 and 17196?
12
What is the greatest common factor of 96 and 36?
12
Calculate the highest common factor of 68 and 34.
34
Calculate the greatest common factor of 14 and 110.
2
What is the greatest common divisor of 91 and 35?
7
Calculate the greatest common divisor of 50 and 325.
25
Calculate the highest common factor of 396 and 44.
44
What is the greatest common divisor of 4270 and 182?
14
What is the greatest common divisor of 26 and 91?
13
Calculate the greatest common factor of 132 and 384.
12
Calculate the greatest common factor of 801 and 5696.
89
Calculate the greatest common divisor of 105 and 147.
21
Calculate the greatest common factor of 4656 and 96.
48
What is the highest common factor of 4763 and 15155?
433
Calculate the highest common factor of 10116 and 36.
36
What is the greatest common divisor of 54 and 13203?
27
Calculate the greatest common divisor of 11 and 28875.
11
What is the greatest common divisor of 82 and 287?
41
Calculate the greatest common factor of 360 and 232.
8
What is the highest common divisor of 100 and 4?
4
Calculate the greatest common divisor of 68 and 187.
17
Calculate the greatest common divisor of 1095 and 195.
15
Calculate the greatest common divisor of 912 and 3408.
48
Calculate the greatest common factor of 38 and 77482.
38
Calculate the highest common factor of 12 and 18.
6
Calculate the highest common factor of 1862 and 114.
38
Calculate the greatest common divisor of 77 and 9317.
77
What is the greatest common divisor of 23 and 529?
23
Calculate the highest common divisor of 11 and 781.
11
What is the highest common factor of 130 and 80?
10
What is the greatest common divisor of 1343 and 395?
79
What is the greatest common divisor of 1056 and 165?
33
Calculate the greatest common divisor of 1287 and 468.
117
Calculate the greatest common factor of 19 and 4902.
19
Calculate the greatest common factor of 38 and 2603.
19
Calculate the highest common divisor of 98 and 56.
14
Calculate the greatest common factor of 114 and 437.
19
Calculate the highest common factor of 310 and 2666.
62
Calculate the greatest common factor of 42 and 888.
6
Calculate the greatest common divisor of 5550 and 1776.
222
Calculate the highest common factor of 583 and 53.
53
Calculate the highest common divisor of 3 and 33.
3
Calculate the highest common divisor of 4669 and 322.
161
Calculate the highest common factor of 3180 and 20.
20
Calculate the greatest common divisor of 605 and 11.
11
Calculate the greatest common factor of 33 and 3190.
11
What is the greatest common divisor of 25 and 170?
5
What is the highest common divisor of 130 and 880?
10
What is the highest common divisor of 51 and 85?
17
What is the highest common divisor of 40 and 152?
8
What is the greatest common divisor of 104 and 1157?
13
What is the highest common divisor of 336 and 5502?
42
Calculate the greatest common factor of 210 and 378.
42
Calculate the greatest common divisor of 432 and 80.
16
What is the highest common divisor of 94952 and 104?
104
What is the greatest common factor of 665 and 105?
35
What is the greatest common factor of 357 and 28441?
119
What is the highest common divisor of 1638 and 56?
14
Calculate the greatest common divisor of 242 and 814.
22
Calculate the highest common factor of 2210 and 170.
170
Calculate the highest common divisor of 875 and 28.
7
What is the highest common divisor of 1751 and 51?
17
What is the highest common divisor of 429 and 26?
13
Calculate the greatest common factor of 40 and 50.
10
What is the highest common divisor of 340 and 9010?
170
Calculate the highest common factor of 216 and 4824.
72
What is the highest common factor of 20 and 5820?
20
What is the highest common divisor of 1564 and 23?
23
Calculate the highest common divisor of 27 and 11943.
9
Calculate the highest common factor of 80 and 620.
20
Calculate the highest common factor of 225 and 45.
45
Calculate the highest common factor of 11 and 1639.
11
What is the greatest common divisor of 18 and 3357?
9
What is the highest common factor of 8140 and 100?
20
What is the highest common factor of 46 and 4945?
23
What is the highest common divisor of 2407 and 166?
83
What is the greatest common divisor of 1330 and 2470?
190
What is the greatest common factor of 76 and 931?
19
What is the highest common factor of 882 and 144?
18
Calculate the highest common factor of 6 and 1866.
6
Calculate the highest common factor of 24448 and 1910.
382
Calculate the highest common divisor of 203 and 232.
29
Calculate the greatest common factor of 234 and 252.
18
What is the highest common factor of 144 and 66?
6
What is the greatest common divisor of 404 and 8383?
101
What is the highest common factor of 518 and 154?
14
What is the greatest common factor of 220 and 1300?
20
Calculate the highest common divisor of 66 and 594.
66
Calculate the greatest common factor of 130 and 182.
26
Calculate the highest common divisor of 24 and 42.
6
What is the highest common factor of 252 and 108?
36
What is the greatest common divisor of 3016 and 104?
104
Calculate the greatest common factor of 20 and 370.
10
Calculate the highest common factor of 46 and 1541.
23
What is the highest common factor of 42 and 4809?
21
What is the greatest common factor of 77 and 21?
7
Calculate the highest common factor of 424 and 159.
53
Calculate the greatest common factor of 33 and 1221.
33
Calculate the highest common divisor of 16 and 848.
16
Calculate the highest common divisor of 88 and 32.
8
What is the greatest common divisor of 144 and 944?
16
What is the highest common divisor of 26 and 4342?
26
Calculate the greatest common factor of 3 and 4659.
3
What is the highest common factor of 23 and 121?
1
Calculate the greatest common divisor of 517 and 11.
11
What is the greatest common divisor of 53 and 3233?
53
Calculate the greatest common factor of 648 and 192.
24
What is the highest common divisor of 451 and 11?
11
Calculate the greatest common factor of 6624 and 72.
72
What is the greatest common divisor of 10 and 1135?
5
What is the highest common factor of 22869 and 189?
189
Calculate the greatest common divisor of 5 and